ons digit of 40157478?
0
What is the millions digit of 1065673089?
5
What is the tens digit of 36350451?
5
What is the ten millions digit of 29406539?
2
What is the units digit of 176131591?
1
What is the tens digit of 87274634?
3
What is the millions digit of 1800922005?
0
What is the tens digit of 529496387?
8
What is the ten millions digit of 26335414?
2
What is the millions digit of 556263884?
6
What is the ten millions digit of 26150008?
2
What is the hundred millions digit of 673581463?
6
What is the tens digit of 5529913?
1
What is the hundred millions digit of 441256565?
4
What is the hundreds digit of 32664980?
9
What is the billions digit of 2272600473?
2
What is the millions digit of 230437581?
0
What is the hundred thousands digit of 2370574595?
5
What is the hundred thousands digit of 3429167952?
1
What is the ten millions digit of 414789603?
1
What is the thousands digit of 1425987890?
7
What is the ten thousands digit of 277898484?
9
What is the millions digit of 165107641?
5
What is the millions digit of 211790983?
1
What is the ten thousands digit of 84101023?
0
What is the ten thousands digit of 218667149?
6
What is the ten thousands digit of 36476659?
7
What is the hundred thousands digit of 404139309?
1
What is the hundred millions digit of 549192981?
5
What is the tens digit of 909837719?
1
What is the ten thousands digit of 8371937?
7
What is the tens digit of 71046113?
1
What is the hundreds digit of 5174507287?
2
What is the millions digit of 2138341684?
8
What is the units digit of 532118511?
1
What is the ten thousands digit of 7060532172?
3
What is the ten millions digit of 390849304?
9
What is the tens digit of 91990686?
8
What is the millions digit of 38698118?
8
What is the tens digit of 4637172322?
2
What is the ten thousands digit of 189502575?
0
What is the tens digit of 196740794?
9
What is the ten thousands digit of 157506934?
0
What is the ten millions digit of 443624565?
4
What is the hundred millions digit of 789210009?
7
What is the hundreds digit of 865983676?
6
What is the millions digit of 54303089?
4
What is the hundreds digit of 45129159?
1
What is the thousands digit of 1481501277?
1
What is the thousands digit of 33669606?
9
What is the ten millions digit of 74887246?
7
What is the ten millions digit of 2200580015?
0
What is the ten thousands digit of 6855970?
5
What is the hundreds digit of 83314996?
9
What is the ten thousands digit of 75796214?
9
What is the billions digit of 1762858575?
1
What is the ten millions digit of 119068845?
1
What is the ten thousands digit of 490021491?
2
What is the hundred thousands digit of 3897749540?
7
What is the units digit of 86702979?
9
What is the hundred thousands digit of 153446201?
4
What is the units digit of 393061841?
1
What is the ten thousands digit of 80725102?
2
What is the hundred thousands digit of 5804167236?
1
What is the hundred thousands digit of 40695541?
6
What is the units digit of 44130211?
1
What is the hundred thousands digit of 169717720?
7
What is the hundred millions digit of 104186675?
1
What is the hundreds digit of 5157678045?
0
What is the ten thousands digit of 26690741?
9
What is the millions digit of 2636070896?
6
What is the tens digit of 830650141?
4
What is the ten millions digit of 841181373?
4
What is the ten millions digit of 18328400?
1
What is the ten millions digit of 316835995?
1
What is the hundreds digit of 2167285141?
1
What is the tens digit of 191165991?
9
What is the hundred thousands digit of 4160597664?
5
What is the hundreds digit of 8806494?
4
What is the units digit of 362277817?
7
What is the thousands digit of 370739243?
9
What is the tens digit of 252837394?
9
What is the millions digit of 90940608?
0
What is the thousands digit of 1601259145?
9
What is the tens digit of 112981771?
7
What is the units digit of 1108130475?
5
What is the hundreds digit of 187770929?
9
What is the thousands digit of 91334305?
4
What is the tens digit of 310839706?
0
What is the hundred millions digit of 439627208?
4
What is the units digit of 30058794?
4
What is the hundreds digit of 346708?
7
What is the hundred millions digit of 1086939600?
0
What is the ten millions digit of 58052151?
5
What is the tens digit of 1622597195?
9
What is the hundreds digit of 547040346?
3
What is the ten millions digit of 1890313504?
9
What is the tens digit of 40560092?
9
What is the thousands digit of 51589685?
9
What is the ten millions digit of 129473354?
2
What is the units digit of 209313349?
9
What is the hundred millions digit of 137933970?
1
What is the thousands digit of 3179487728?
7
What is the hundreds digit of 181533946?
9
What is the hundreds digit of 122546387?
3
What is the hundred millions digit of 202526192?
2
What is the millions digit of 2137676138?
7
What is the millions digit of 144822849?
4
What is the millions digit of 116168567?
6
What is the ten millions digit of 195238443?
9
What is the hundreds digit of 912223574?
5
What is the hundred millions digit of 725775234?
7
What is the hundred thousands digit of 39990181?
9
What is the hundred thousands digit of 16821788?
8
What is the millions digit of 239577434?
9
What is the millions digit of 57726185?
7
What is the millions digit of 1991050482?
1
What is the hundred millions digit of 160931283?
1
What is the hundreds digit of 120058596?
5
What is the ten millions digit of 8840165162?
4
What is the thousands digit of 34366448?
6
What is the hundred thousands digit of 38435993?
4
What is the units digit of 456867290?
0
What is the millions digit of 41480972?
1
What is the units digit of 1329380680?
0
What is the ten millions digit of 60493067?
6
What is the ten thousands digit of 499175104?
7
What is the tens digit of 71987562?
6
What is the hundred millions digit of 132210385?
1
What is the ten millions digit of 15443238?
1
What is the millions digit of 3816776?
3
What is the ten thousands digit of 867992583?
9
What is the thousands digit of 3031503928?
3
What is the millions digit of 467500467?
7
What is the hundred millions digit of 893556398?
8
What is the billions digit of 1166014852?
1
What is the thousands digit of 21829503?
9
What is the tens digit of 116825417?
1
What is the units digit of 934300396?
6
What is the ten millions digit of 27280877?
2
What is the hundred thousands digit of 60821870?
8
What is the ten millions digit of 321888833?
2
What is the hundreds digit of 87168774?
7
What is the ten millions digit of 306180852?
0
What is the units digit of 6246178?
8
What is the units digit of 22016193?
3
What is the thousands digit of 81150600?
0
What is the thousands digit of 827013299?
3
What is the tens digit of 60523899?
9
What is the thousands digit of 253219838?
9
What is the units digit of 617122998?
8
What is the ten millions digit of 1181561072?
8
What is the hundred millions digit of 2225214273?
2
What is the millions digit of 53299655?
3
What is the ten thousands digit of 225507199?
0
What is the millions digit of 48599128?
8
What is the millions digit of 10614784?
0
What is the hundred thousands digit of 803226116?
2
What is the units digit of 462394937?
7
What is the ten thousands digit of 279814516?
1
What is the ten millions digit of 1685101202?
8
What is the tens digit of 276632991?
9
What is the thousands digit of 22498706?
8
What is the hundred thousands digit of 4310476835?
4
What is the hundreds digit of 1035627390?
3
What is the tens digit of 3417254122?
2
What is the hundred thousands digit of 6181672857?
6
What is the hundreds digit of 38984620?
6
What is the tens digit of 149809326?
2
What is the millions digit of 26015290?
6
What is the millions digit of 98650221?
8
What is the ten thousands digit of 2127984038?
8
What is the units digit of 36637768?
8
What is the thousands digit of 178812715?
2
What is the tens digit of 171090220?
2
What is the ten millions digit of 4470913068?
7
What is the hundred thousands digit of 473329989?
3
What is the millions digit of 698979623?
8
What is the units digit of 122762281?
1
What is the thousands digit of 25952240?
2
What is the millions digit of 1024541516?
4
What is the tens digit of 359566334?
3
What is the billions digit of 4583571784?
4
What is the millions digit of 4544400?
4
What is